nds digit of 32217?
3
What is the units digit of 2103?
3
What is the thousands digit of 33780?
3
What is the tens digit of 18584?
8
What is the hundreds digit of 1013?
0
What is the units digit of 911?
1
What is the tens digit of 14936?
3
What is the thousands digit of 1812?
1
What is the thousands digit of 20381?
0
What is the hundreds digit of 139?
1
What is the hundreds digit of 1418?
4
What is the units digit of 713?
3
What is the tens digit of 9915?
1
What is the tens digit of 65?
6
What is the ten thousands digit of 16425?
1
What is the hundreds digit of 5476?
4
What is the thousands digit of 1727?
1
What is the units digit of 3323?
3
What is the hundreds digit of 4627?
6
What is the thousands digit of 13861?
3
What is the units digit of 16840?
0
What is the hundreds digit of 11919?
9
What is the hundreds digit of 760?
7
What is the thousands digit of 1321?
1
What is the thousands digit of 1268?
1
What is the thousands digit of 197848?
7
What is the units digit of 906?
6
What is the hundreds digit of 29197?
1
What is the ten thousands digit of 199954?
9
What is the units digit of 159?
9
What is the hundreds digit of 76406?
4
What is the tens digit of 5610?
1
What is the thousands digit of 42736?
2
What is the tens digit of 39037?
3
What is the tens digit of 52681?
8
What is the units digit of 544?
4
What is the tens digit of 2470?
7
What is the units digit of 151?
1
What is the thousands digit of 1164?
1
What is the tens digit of 7190?
9
What is the thousands digit of 66284?
6
What is the units digit of 1606?
6
What is the hundreds digit of 1631?
6
What is the thousands digit of 27734?
7
What is the hundreds digit of 28141?
1
What is the ten thousands digit of 33870?
3
What is the tens digit of 972?
7
What is the units digit of 860?
0
What is the hundreds digit of 48772?
7
What is the tens digit of 43783?
8
What is the hundreds digit of 15906?
9
What is the hundreds digit of 3899?
8
What is the units digit of 37?
7
What is the thousands digit of 9765?
9
What is the tens digit of 6725?
2
What is the units digit of 79632?
2
What is the units digit of 33070?
0
What is the hundreds digit of 2529?
5
What is the tens digit of 1854?
5
What is the thousands digit of 26300?
6
What is the thousands digit of 7026?
7
What is the tens digit of 7761?
6
What is the thousands digit of 49688?
9
What is the hundreds digit of 645?
6
What is the tens digit of 51639?
3
What is the ten thousands digit of 10436?
1
What is the units digit of 1564?
4
What is the hundreds digit of 151010?
0
What is the tens digit of 640?
4
What is the hundreds digit of 8947?
9
What is the tens digit of 1765?
6
What is the units digit of 54009?
9
What is the units digit of 1114?
4
What is the hundreds digit of 1108?
1
What is the thousands digit of 4584?
4
What is the thousands digit of 14070?
4
What is the tens digit of 206?
0
What is the tens digit of 1754?
5
What is the thousands digit of 3742?
3
What is the ten thousands digit of 14474?
1
What is the units digit of 2103?
3
What is the units digit of 24118?
8
What is the hundreds digit of 136?
1
What is the tens digit of 25932?
3
What is the tens digit of 75732?
3
What is the tens digit of 1327?
2
What is the units digit of 188?
8
What is the hundreds digit of 870?
8
What is the tens digit of 18686?
8
What is the tens digit of 5141?
4
What is the tens digit of 1170?
7
What is the units digit of 128135?
5
What is the units digit of 59172?
2
What is the hundreds digit of 3763?
7
What is the tens digit of 12048?
4
What is the hundreds digit of 930?
9
What is the tens digit of 8514?
1
What is the hundreds digit of 46032?
0
What is the thousands digit of 6116?
6
What is the thousands digit of 28529?
8
What is the tens digit of 1417?
1
What is the tens digit of 6504?
0
What is the ten thousands digit of 12277?
1
What is the tens digit of 1018?
1
What is the tens digit of 20?
2
What is the units digit of 481?
1
What is the tens digit of 350?
5
What is the thousands digit of 6000?
6
What is the thousands digit of 66139?
6
What is the hundreds digit of 69753?
7
What is the hundreds digit of 2662?
6
What is the units digit of 7596?
6
What is the tens digit of 85383?
8
What is the tens digit of 7917?
1
What is the ten thousands digit of 19456?
1
What is the hundreds digit of 15350?
3
What is the hundreds digit of 980?
9
What is the units digit of 27?
7
What is the ten thousands digit of 12527?
1
What is the hundreds digit of 73150?
1
What is the units digit of 66913?
3
What is the tens digit of 884?
8
What is the hundreds digit of 1752?
7
What is the units digit of 2509?
9
What is the units digit of 32916?
6
What is the tens digit of 279?
7
What is the hundreds digit of 171?
1
What is the ten thousands digit of 37995?
3
What is the hundreds digit of 2647?
6
What is the units digit of 47692?
2
What is the hundreds digit of 132?
1
What is the tens digit of 1833?
3
What is the units digit of 1814?
4
What is the units digit of 3364?
4
What is the tens digit of 861?
6
What is the hundreds digit of 5671?
6
What is the ten thousands digit of 28291?
2
What is the tens digit of 4266?
6
What is the ten thousands digit of 11417?
1
What is the hundreds digit of 3701?
7
What is the tens digit of 572?
7
What is the tens digit of 74074?
7
What is the ten thousands digit of 20409?
2
What is the ten thousands digit of 28754?
2
What is the tens digit of 76044?
4
What is the tens digit of 8304?
0
What is the hundreds digit of 43395?
3
What is the tens digit of 22957?
5
What is the thousands digit of 29617?
9
What is the tens digit of 24309?
0
What is the hundreds digit of 749?
7
What is the tens digit of 4646?
4
What is the ten thousands digit of 36997?
3
What is the thousands digit of 8093?
8
What is the tens digit of 58748?
4
What is the thousands digit of 5340?
5
What is the units digit of 1228?
8
What is the units digit of 378?
8
What is the tens digit of 5688?
8
What is the hundreds digit of 62358?
3
What is the tens digit of 5821?
2
What is the units digit of 23430?
0
What is the units digit of 15459?
9
What is the tens digit of 2994?
9
What is the tens digit of 13362?
6
What is the units digit of 395?
5
What is the units digit of 108?
8
What is the thousands digit of 1244?
1
What is the tens digit of 74213?
1
What is the hundreds digit of 5798?
7
What is the units digit of 1501?
1
What is the units digit of 3381?
1
What is the units digit of 949?
9
What is the thousands digit of 7271?
7
What is the hundreds digit of 14359?
3
What is the hundreds digit of 191700?
7
What is the tens digit of 1266?
6
What is the tens digit of 225?
2
What is the tens digit of 1933?
3
What is the tens digit of 5687?
8
What is the hundreds digit of 196?
1
What is the thousands digit of 19365?
9
What is the tens digit of 18856?
5
What is the hundreds digit of 6037?
0
What is the hundreds digit of 13306?
3
What is the tens digit of 11998?
9
What is the hundreds digit of 421?
4
What is the hundreds digit of 5517?
5
What is the thousands digit of 1381?
1
What is the units digit of 462?
2
What is the units digit of 3333?
3
What is the hundreds digit of 32967?
9
What is the tens digit of 18585?
8
What is the hundreds digit of 17776?
7
What is the units digit of 41441?
1
What is the hundreds digit of 548?
5
What is the units digit of 14057?
7
What is the tens digit of 159?
5
What is the thousands digit of 9991?
9
What is the tens digit of 5314?
1
What is the units digit of 70?
0
What is the thousands digit of 1800?
1
What is the hundreds digit of 9997?
9
What is the units digit of 58634?
4
What is the units digit of 4373?
3
What is the hundreds digit of 8467?
4
What is the units digit of 3527?
7
What is the hundreds digit of 65572?
5
What is the ten thousands digit of 22343?
2
What is the tens digit of 1922?
2
What is the tens digit of 8444?
4
What is the hundreds digit of 2542?
5
What is the units digit of 5366?
6
What is the hundreds digit of 1061?
0
What is the hundreds digit of 26045?
0
What is the tens digit of 60?
6
What is the tens digit of 67465?
6
What is the thousands digit of 29873?
9
What is the tens digit of 1177?
7
What is the tens digit of 34045?
4
What is the thousands digit of 5589?
5
What is the thousands digit of 3171?
3
What is the hundreds digit of 34936